 u - y. Is p composite?
False
Let x(d) = -1656*d**3 - 2*d**2 - 2*d + 1. Is x(-1) a composite number?
False
Let f(l) = 2*l - 2. Let t be f(4). Suppose 2*k = t*k - 4*w - 348, 5*k - 471 = -4*w. Is k prime?
False
Let p(n) = -n**2 - 12*n + 3. Let u be p(-9). Let i = u - -119. Is i prime?
True
Let n = 81 - 35. Is n a prime number?
False
Let x(l) = -l + 2. Let r be x(0). Let g be (-13 + 0 + 1)/(-2). Suppose -r*i = -g, 2*p + 36 - 143 = i. Is p a prime number?
False
Let q = -7 - -22. Suppose 0 = f - r - r + 36, -q = -5*r. Let v = -7 - f. Is v a composite number?
False
Let w(c) be the first derivative of 2 + 3/2*c**2 - 5*c. Is w(4) a composite number?
False
Is -3 + -4 + (-654)/(-3) prime?
True
Let k = 7518 + -4975. Is k a composite number?
False
Let y = -4 + -1. Let d(b) = -12*b + 5. Is d(y) a prime number?
False
Suppose t = -3*h + 9, -4*t - 3*h + 27 = -9. Suppose -2*k = -t - 5. Is k prime?
True
Let u = 923 + -468. Let p = -208 + u. Is p a composite number?
True
Let z(q) = q**3 + 5*q**2 - 2*q - 1. Let u be z(-5). Let k = -18 - -12. Is (-114)/4*k/u a composite number?
False
Let d = -149 - -254. Let g = -59 + d. Is g a composite number?
True
Let b(c) = 144*c - 3. Let v(y) = 48*y - 1. Let i(n) = -2*b(n) + 7*v(n). Is i(2) composite?
True
Suppose -3*h + 5 = 2*h + 5*o, -2*h - 4 = -4*o. Suppose z + 1 = -h*z, -p + 20 = z. Is p composite?
True
Let q = -434 - -1107. Is q a composite number?
False
Let f = 336 + 151. Is f prime?
True
Let f(g) = 318*g**3 + 3*g**2 - 2*g. Is f(1) composite?
True
Let w be 1 - (-2)/(-2) - -129. Suppose -2*o + 12 = 2*o. Suppose 0 = -o*x - 24 + w. Is x a prime number?
False
Let p be 341/4 + 3/(-12). Let t = p - 32. Is t a composite number?
False
Suppose z - 2*z = -j + 163, 0 = -4*z + 3*j - 655. Let m be (-12)/4 - 1*z. Let s = m - 105. Is s a prime number?
False
Suppose 4*g + 0*g = 148. Is (-1)/2*(-1 - g) composite?
False
Suppose 6 = -2*t + 5*q - 14, 2*t + q = 4. Suppose t*z = -5*z + 1285. Is 2/(-3 + 773/z) prime?
True
Let u = 556 - -1. Is u prime?
True
Let l be (-1)/(-1) + -3 + 2. Suppose -5*v + 3318 = -2*i, 2*v + l*i - 1333 = -5*i. Suppose 3*c + 2*b - 387 = 0, -4*b + b - v = -5*c. Is c prime?
True
Suppose -4*j + 374 = o, 0 = 4*j - 5*o + 31 - 417. Let c = 179 - j. Is c prime?
False
Let l(j) = -22*j - 4. Let t(b) = b. Let n(u) = 2*l(u) + 22*t(u). Let x be n(8). Let m = x - -311. Is m composite?
False
Let b = 34 + 94. Let n = -1 + b. Is n composite?
False
Suppose 3*f = 0, 1473 + 1248 = 3*s + 4*f. Is s a prime number?
True
Suppose -4*o + 75 = -1. Suppose -w - 2*w - o = -m, 3*w = -2*m + 65. Let z = m - 14. Is z a prime number?
False
Let v(k) = -k + 9. Let p be v(5). Suppose 0 = 5*m + 15, 0 = -p*a + m + 718 - 87. Is a a prime number?
True
Suppose i - 4473 = -4*l, 4*i = 3*l + 3*i - 3346. Is l a composite number?
False
Let d be -14 + 4/2 + -4. Let y = d - -75. Suppose 0 = -5*q - 5*r + 45, -y = -3*q + 6*r - r. Is q prime?
True
Suppose 9*t - 4*t - 15 = 0. Let u = 11 - t. Suppose 5*x - 2 = 3*y, -u - 12 = -4*y + x. Is y a composite number?
True
Let g(t) be the third derivative of t**5/20 + t**4/3 + 5*t**3/6 + 4*t**2. Is g(-8) a composite number?
True
Let b be (-288)/(-60) - 2/(-10). Suppose -b*k + 220 = -k. Is k a prime number?
False
Let d be (-1)/(((-6)/2)/(-9)). Is (2 + d)/((-2)/76) a prime number?
False
Let s(z) be the first derivative of z**3 - z**2 - 4. Is s(-3) a prime number?
False
Suppose q - 242 = 4*s - 0*s, -4*s - 16 = 0. Suppose 47 = 3*g - q. Is g composite?
True
Let l(m) = m**3 + 8*m**2 + 7*m - 1. Let f be l(-7). Let h(r) = -66*r + 1. Is h(f) a composite number?
False
Let h(u) = -20*u - 5 + 5 + 71*u + 10. Is h(7) a prime number?
True
Let w = -482 + 1023. Is w composite?
False
Suppose 4*q = -r - 20, -2*r + 0*q + 15 = -3*q. Suppose 5*t = 79 + 26. Suppose 2*g + 5*z = t, -4*g + 4*z - 11 + 123 = r. Is g prime?
True
Suppose 0 = -2*f + 11 + 147. Is f a composite number?
False
Suppose -3*z = -4*z + 3*t + 52, -4*z = t - 143. Is z composite?
False
Let a(s) = -184*s**3 + s + 1. Let q be a(-1). Suppose -q = -6*j + 2*j + 3*i, -138 = -3*j + 5*i. Is j a prime number?
False
Suppose 11 = -4*a + 6*a + 3*j, 4*a - 13 = -3*j. Is a*3/(-3) + 20 composite?
False
Suppose q + 3153 = 4*v, q + 1 = -4. Is v a prime number?
True
Suppose -11*n = -3*n - 2680. Is n a composite number?
True
Let a = 629 - 158. Is a prime?
False
Let f = 5550 + -3371. Is f a composite number?
False
Suppose -r - 5*p + 475 = 0, 4*r - 3*p = 2*p + 1950. Is r composite?
True
Let l(n) = -n**2 - 3*n + 3. Let g be l(3). Let q = g + 21. Is q prime?
False
Suppose 3*l - 12 = -0*l. Suppose -2*j + 3*c = c + 14, -19 = j - l*c. Is (-232)/(-2) + (0 - j) a composite number?
True
Suppose 0*g + g = 211. Let l = 324 - g. Is l prime?
True
Let u = -128 + 381. Is u a composite number?
True
Suppose -861 = -h + 2138. Is h a composite number?
False
Suppose -2*y = c - 277 - 38, -2*c = -y + 150. Let w = y - -328. Suppose 4*m = 3*i - 295, 5*i - w = -0*i - m. Is i a prime number?
True
Let z(c) be the second derivative of -5*c**3/2 - 3*c. Is z(-1) a composite number?
True
Let w(r) = -r**3 + 13*r**2 - r + 13. Let q be w(13). Suppose -55 = -q*z - z. Is z composite?
True
Let m = -393 + 1016. Is m prime?
False
Let z(t) be the second derivative of 3*t**5/20 - t**4/6 + t**3/3 + t**2/2 - 4*t. Is z(2) a composite number?
True
Let n(c) = -c**3 + 6*c**2 + 6*c + 9. Let y be n(7). Suppose -6 = y*k - 148. Is k a composite number?
False
Is 57 + (0/5 - 4) composite?
False
Let c(v) = -177*v**3 + 3*v - 4 - 116*v**3 + 5 + 2. Is c(-1) a composite number?
False
Is (-3)/(((-48)/(-24556))/(-4)) a composite number?
True
Suppose -k + 0*k + 2705 = 0. Suppose -4*h - h + k = 0. Is h a prime number?
True
Let g(p) = 79*p**3 - p**2 + 2*p - 1. Is g(1) prime?
True
Suppose 3988 = 5*s - 207. Is s a prime number?
True
Suppose -5*u + 1105 = 2*w, -145 = -5*u + 5*w + 995. Is u composite?
False
Suppose 4*c + 3*k - 39 = 0, -2*c + 13 = k - 4. Let r be 3/(-9) + 2786/c. Let w = -303 + r. Is w composite?
True
Suppose 3*f - 2*k - 22 = -f, 5*f = 4*k + 26. Is f a composite number?
True
Suppose -5*g + 1840 = 5*u, g = -3*g - 5*u + 1473. Is g prime?
True
Let k = -19 + 11. Let p = -15 - k. Is p/(-2 - (-1)/1) a prime number?
True
Let l = 1 - 6. Let u = -5 - l. Let b(a) = -a + 15. Is b(u) composite?
True
Suppose 4*x + 258 - 1318 = 0. Is x a composite number?
True
Suppose 0*q = 4*q - 1208. Let h = q - 163. Let k = h + -80. Is k a prime number?
True
Let d = -5 - -451. Is d a composite number?
True
Suppose g = 4*m - 3, -3*g + 3 = 3*m - 4*g. Suppose m = -5*j - 688 + 23. Let w = -48 - j. Is w composite?
True
Is 6/5 - 1 - 3920/(-25) a prime number?
True
Let i(h) = -746*h - 11. Is i(-2) composite?
False
Let g = -295 + 208. Let u = -43 - g. Suppose -s - u = -3*s. Is s a composite number?
True
Suppose -2*g + 3*g = 0. Suppose g*p + 2*h = p - 169, 2*p + 4*h = 370. Is p composite?
True
Is 10066/35 + (-6)/10 composite?
True
Suppose 0 = -8*g + 3144 + 448. Is g prime?
True
Let k be ((-89)/2)/((-3)/6). Suppose -16 = -5*r + k. Is r a composite number?
True
Suppose 9 + 11 = 4*v. Suppose 4*s + 1447 = v*n, n = 5*n + s - 1145. Is n prime?
False
Let a(v) = 3*v**2 - 4*v + 4. Let d be a(4). Let k = -17 + d. Is k prime?
True
Let z(i) = 8*i**3 + 7*i**2 + 5*i + 1. Let j(l) = -l**3 - l**2 - l. Let g(t) = 6*j(t) + z(t). Let m be g(1). Suppose -83 = -4*f + m*f. Is f prime?
True
Is 1/(6 - 49105/8185) a prime number?
True
Suppose 4*s - 4*k - 18 = 2, 9 = -3*k. Suppose 0 = -3*w - 0*r - 4*r + 147, -w - s*r + 47 = 0. Is w a prime number?
True
Let u = -12 + 15. Suppose z + 74 = u*z. Is z a prime number?
True
Suppose -5*y - 749 = -d, -d + 1488 = d - 5*y. Is d a composite number?
False
Is 4/(-28) + (369328/28)/2 a composite number?
True
Suppose -2*c + x = -315, 4*c + 2*x + x - 635 = 0. Is c a prime number?
False
Suppose -8*p + 3145 - 673 = 0. Is p composite?
True
Let d(n) be the first derivative of -n**3/3 - 3*n**2 - n - 2. Let x(c) = c**3 + 2*c**2 - c + 2. Let i be x(-3). Is d(i) prime?
True
Let s be 0/(-1 + 0) - -339. Suppose 3*x + 54 = s. Is x a composite number?
True
Let k = -8 - -12. Suppose y + 768 = 2*q - 265, -k*y = q + 4141. Is y/(-4) - 6/(-24) prime?
False
Is 310/6 + (-16)/(-12) a prime number?
True
Suppose 6*w - 9 = 3. Suppose -w*j = 2*y - 18, -j = 3*j + 2*y - 44. Is j a composite number?
False
